 w = l + 644. Let t(h) = h**3 + 2*h**2 - 3*h - 2. Determine t(w).
-2
Suppose 14*r + 14 = -3*g + 15*r, -4*g + 13*r = -63. Let b(p) = -3 + 2*p - 3*p + 2*p. Determine b(g).
-10
Let h(u) = 19*u - 1 + 39*u - 11*u + 11*u. Let d(w) = 38*w - 1. Let b(n) = -8*d(n) + 5*h(n). Determine b(2).
-25
Suppose -4*o + 2*p = 8, 0 = -o + p - 2 - 1. Suppose -11*x - 11 + 66 = 0. Let m(c) = -5*c**3 + x*c**3 + 19*c**3 - 2*c**2 - c - 6*c**3. Give m(o).
-14
Let p(l) be the first derivative of -l**4/4 - 11*l**3/3 - 8*l**2 - 13*l + 1776. Give p(-7).
-97
Let w = 700 + -639. Suppose w = -19*v + 23. Let m(q) = 2*q + 3. Calculate m(v).
-1
Let c be (14/6 + 1)*756/(-630). Let o(l) = 18*l - 10*l - 3*l - 11*l. What is o(c)?
24
Let c(g) = -g**3 + 15*g**2 + 55*g - 30. Let z be (-76)/1482 + 2112/117. What is c(z)?
-12
Let w be -1 - ((-24)/(-3))/(-4). Let l(m) = 3*m**2 + 11*m + 8. Let a(d) = 9*d**2 + 31*d + 23. Let g(z) = 6*a(z) - 17*l(z). Calculate g(w).
4
Let i(c) be the third derivative of 5*c**4/24 + c**3/3 - 18*c**2. Let z(b) = 4*b + 2. Let n(d) = -6*i(d) + 7*z(d). Let t be 1*(-5 - (-2 + 2)). Determine n(t).
12
Let b(o) = o**2 + 7*o + 18. Let a be (-120)/(-90)*(-45)/10. Determine b(a).
12
Let h(i) = -i**2 + 13*i + 14. Let f = 5 - -8. Let y be h(f). Let d(q) = q - 2 + 4*q - y*q + 3*q. Calculate d(2).
-14
Let b(w) = 13*w - 3. Let j(u) be the first derivative of -12*u**2 + 6*u - 67. Let i(q) = 11*b(q) + 6*j(q). Let o = 11 - 15. Calculate i(o).
7
Let u(n) = 2*n**2 - 4*n + 14. Suppose -4*y = 12*l - 10*l - 8, 4*l - y - 25 = 0. Determine u(l).
62
Let t(u) = u**3 - 17*u**2 + 32*u - 27. Suppose -15*r - 116 = -50*r + 409. What is t(r)?
3
Let w(u) = -9*u + 41. Let p be 7 + 30/5*2/(-4). Determine w(p).
5
Let f(g) = 8*g**2 - 2*g. Let p be f(2). Let h be 1 + (2 - (0 - -7 - 2)) + 26. Let l = p - h. Let w(v) = v**3 - 2*v**2 - 2*v - 4. Determine w(l).
20
Let i be (-1740)/(-340) - (-2)/(-17). Let u = -36 + 41. Suppose 5*b = -5*o - u - 10, -3*b - o = i. Let v(m) = 13*m**3 + m + 1. Give v(b).
-13
Let d(o) = -o**3 - 6*o**2 + o + 8. Let h be 3/(-7) + 2716/49. Suppose -4*g + 137 = 3*s + g, -4*s - g + 194 = 0. Let b = s - h. Calculate d(b).
2
Let a(l) = -9*l + 20. Let d(b) be the first derivative of 2*b**2 - 11*b - 96. Let o(m) = -3*a(m) - 5*d(m). Determine o(4).
23
Let b(v) = -v**3 - 4*v**2 - 4*v - 1. Let u(l) = -7*l + 1 - 2*l**2 + 16*l + 13 - 27. Let o be u(2). Determine b(o).
2
Suppose -208 = 3*x - 586. Let t = 138 - x. Let y(s) = -s**3 + 11*s**2 + 12*s + 13. Give y(t).
13
Let h(t) = 39*t**2 + 39*t - 14*t**2 + t**3 - 104*t - 56 + 10*t. Determine h(-27).
-29
Suppose 12 = -4*t, 3 = f + 3*t + 4. Let n(w) be the second derivative of w**5/20 - 2*w**4/3 + w**3/6 - 9*w**2/2 - 35*w. Give n(f).
-1
Let x = 63 - 55. Let v(k) = 1 - 6*k - x*k + 7*k**3 - k**3 + 15*k + k**2. What is v(-1)?
-5
Let i(s) = -31*s - 1. Suppose 5 + 6 = 39*c - 28*c. What is i(c)?
-32
Let l(m) = -m**3 - 5*m**2 + 4*m + 7. Let g(u) = 83*u + 1489. Let v be g(-18). Determine l(v).
-13
Let n(j) be the second derivative of -19*j - 1/120*j**5 - 1/8*j**4 + 0*j**2 + 0 - 3/2*j**3. Let u(v) be the second derivative of n(v). What is u(3)?
-6
Let y(g) = -g**2 + g + 4. Let i(w) = -10 + 4*w**2 - 10 - 2 - 3*w + 15 - 7. Let z(t) = 2*i(t) + 7*y(t). Calculate z(3).
12
Let k(x) be the second derivative of -x**4/12 + 126*x. Let u(q) = 12*q**2 - 2*q - 1. Let s be (-6)/(-15) - 24/10. Let o(h) = s*k(h) - u(h). Calculate o(-1).
-11
Let m(p) = p**2 + 11*p - 47. Suppose -90*w - 138*w = -912. What is m(w)?
13
Let v(t) = 15*t + 410. Let y(m) = -3*m - 78. Let u(i) = -2*v(i) - 11*y(i). What is u(12)?
74
Let g(w) = 2*w**3 - 18*w**2 + 85*w - 389. Let t be g(7). Let v(i) = -24*i + 249. Calculate v(t).
9
Let n(v) = -206*v - 2. Let a(b) = -3762*b - 33. Let g(o) = 3*a(o) - 55*n(o). Give g(0).
11
Let p(w) = w**3 - 2*w**2 - w. Suppose -34*i + 30*i = -24. Let c = i - 4. Suppose -3*t = -5*q - 16, q = -3*q - 5*t + c. What is p(q)?
-14
Let l(p) = -p**3 - 20*p**2 + 24*p + 93. Let t be l(-21). Suppose 139 + 11 = t*r. Let y(q) = q**3 - 6*q**2 + 2*q + 5. Determine y(r).
-10
Let d(h) = h**3 - h - 2. Let n(t) = -5*t**3 - 4*t**2 + 8*t + 4. Let c(s) = 6*d(s) + n(s). Calculate c(5).
27
Suppose -42*g + 29*g = -1729. Let p(u) = 6 - g*u**2 + 6*u + 134*u**2 + 2. Calculate p(-7).
15
Suppose -2*c = -104 + 96, -6 = -5*t - 4*c. Let z(l) = -10*l + 6. Let m(d) = -9*d + 5. Let q(s) = -7*m(s) + 6*z(s). What is q(t)?
-5
Let z(q) = -q - 1. Let s = 58 - 41. Suppose 13 - s = t. Let p be (4/(-8))/((-2)/t). What is z(p)?
0
Let j(h) be the second derivative of h**3/6 + 5*h**2 - 373*h - 2. Determine j(-2).
8
Let b(o) be the second derivative of -o**5/20 + 7*o**4/6 + 7*o**3/3 + 6*o**2 + 160238*o. Let w = 28 + -13. What is b(w)?
-3
Let w(t) be the second derivative of -11*t**3/6 + t. Let a = 180 - 212. Let s be -1 + ((-2)/(-4))/((-8)/a). Give w(s).
-11
Suppose 5*i + 9 = 24. Let d(h) be the second derivative of h**4/12 - h**3/2 - 5*h**2/2 + 937*h. Determine d(i).
-5
Let h(p) = -p**2 + 6*p + 6. Let c(o) = -12*o**2 - 2*o - 3. Let z(f) = -5*f**2 - f - 2. Let i(s) = 2*c(s) - 5*z(s). Let k be i(-2). Determine h(k).
6
Let f(p) = 3*p + 8. Let k(s) = -61*s + 427. Let o be k(7). Give f(o).
8
Let f(b) = -698 + 356 - 8*b + 377 + 5*b. Calculate f(12).
-1
Let p(j) = -j**2 + 12*j + 36. Let y = 33851 - 33842. Give p(y).
63
Let i(c) = 4*c - 19. Let x(s) be the first derivative of s**2/2 - 5*s + 21. Let n(w) = -2*i(w) + 9*x(w). Suppose 9*p - 9 = o + 4*p, -p + 3 = 0. Give n(o).
-1
Let v(f) be the third derivative of -1/3*f**3 + 1/60*f**5 + 0 + 0*f + 277*f**2 - 5/12*f**4. Calculate v(6).
-26
Let p(h) = -h**3 - 2*h**2 + 2*h - 15. Let v(d) = -4*d**2 + 95*d + 345. Let s be v(27). Give p(s).
117
Let j be 7 + -1 + 87 + -68. Suppose -q + j = 5*l, -4*q + 15 = 3*l - 3*q. Let h(u) = -u**3 + 5*u**2 + 3*u - 7. Give h(l).
8
Suppose 14917*f - 14892*f = -150. Let o(s) = 9*s + s**2 + 0*s - 4 + 2. What is o(f)?
-20
Suppose 479 + 169 = 108*j. Let t(b) = -b**2 + 7*b - 12. Calculate t(j).
-6
Let a(z) = 933*z + 78373. Let m be a(-84). Let f(l) be the first derivative of 10*l**4 + l**3/3 - l**2/2 + 1. Calculate f(m).
40
Let m(f) = 4*f - 17. Let r(t) = t**3 - 10*t**2 - 17*t. Let v be r(12). Suppose -8*w = 4*w - v. Give m(w).
11
Let d = -51 + 91. Suppose -4*n + d = -0*n. Suppose 3*x - 15 = 0, -r + x + n = 3*x. Let u(c) = -c + 6. Calculate u(r).
6
Let r(d) be the first derivative of d**3/3 + d**2/2 + 6*d - 13. Let f = 838 + -838. Determine r(f).
6
Let a(w) = -5*w - 22*w**2 + 6*w**3 + 53*w**2 - 17*w**2 - 14*w**2 - 6. Give a(-1).
-7
Suppose 51 = -11*x + 21*x + 7*x. Let u(m) be the first derivative of 4*m - 5/2*m**2 + 1/3*m**x + 11. Give u(4).
0
Suppose 4*i + 4*g - 88 = 6*g, 0 = -4*i - 3*g + 78. Let c(t) = -2*t + 57. What is c(i)?
15
Suppose 929*t - 552 = 975*t. Let k(d) = 2*d**3 + 25*d**2 + 8*d - 26. Determine k(t).
22
Let y(l) = l**3 + 11*l**2 + 20*l + 16. Let h(r) = 5*r + 376. Let c be h(-77). Calculate y(c).
-2
Let f(s) = -2*s + 3*s + 1122 - 1122. Let x(a) = -2*a. Let d(j) = -3*f(j) - x(j). What is d(-6)?
6
Let m(l) be the third derivative of 17*l**6/120 - l**4/24 - l**3/6 - 66*l**2 + 7*l. Determine m(-1).
-17
Let z = -9 + 1. Let r(y) = -6*y + 1. Let t(u) = -u**2 - 22*u - 8. Let o(p) = 2*r(p) - t(p). Calculate o(z).
-6
Let i(n) be the second derivative of n**5/20 - 5*n**4/6 - 11*n**3/6 - 9*n**2/2 + 3056*n. Give i(11).
-9
Suppose 3*v = -0*v + 27. Let w(k) = 3*k - 20. Let y be w(v). Suppose 6 = 9*c - y*c. Let s(f) = f**3 - 3*f**2 - f + 1. Calculate s(c).
-2
Let m(w) = -3*w + 4. Let q(k) = k**3 + 37*k**2 + 3. Let n(g) = 8*g + 43. Let f be n(-10). Let u be q(f). Calculate m(u).
-5
Let c(f) = -5*f**3 + 13*f**2 + 40*f - 36. Let d(n) = n**3 - n**2 - 9*n + 1. Let g(l) = c(l) + 4*d(l). What is g(9)?
4
Suppose y + 25 = -4*k, -5*k + 496 - 543 = -4*y. Let s(i) = i**2 + 12*i - 35. Give s(y).
10
Let i(q) = -28*q**2. Let k(z) be the first derivative of -z**2/2 + 8*z - 1010. Let l = -7 + 16. Let o be k(l). Give i(o).
-28
Let v(s) = -s**2 - 3*s + 1. Let z be v(-2). Suppose 0 = -z*d + 4*d + 4*b + 9, -4*d = -4*b + 36. Let f(r) = r**2 + 11*r + 10. Calculate f(d).
-8
Let t(s) = -2*s**2 - 28*s + 35. Let b be ((-5)/3)/(-6*1/(-54)). Give t(b).
5
Let c(n) = n**2 + 6*n + 6. Let d(v) = -v**3 - 3*v**2 + 14*v + 24. Let r be d(-2). What is c(r)?
22
Let t(c) = -4*c**3 - c**2 + c